5012
In base 5, what is 313331 - 0?
313331
In base 15, what is -2 + -78?
-7a
In base 16, what is 15 - -58?
6d
In base 6, what is 102 + 334?
440
In base 10, what is 13 - 1?
12
In base 9, what is 435 + -5?
430
In base 7, what is 0 + 426?
426
In base 13, what is 3 - -62?
65
In base 8, what is 5 + 25?
32
In base 3, what is -200201 - 10?
-200211
In base 13, what is -b4 + -5?
-b9
In base 6, what is 1221 + 2?
1223
In base 6, what is 41 + -14?
23
In base 16, what is -2 + -aac?
-aae
In base 2, what is 1 + 111110?
111111
In base 9, what is -48 - 0?
-48
In base 3, what is -2011022 - 11?
-2011110
In base 7, what is -2165 + 4?
-2161
In base 12, what is -7 - -14?
9
In base 16, what is 1653 - -1?
1654
In base 15, what is 31 + -7?
29
In base 15, what is 1621 + -1?
1620
In base 14, what is 31c - 5?
317
In base 7, what is -23 + 1?
-22
In base 13, what is -1 - -c2?
c1
In base 3, what is 112 - -11?
200
In base 14, what is dcd - -5?
dd4
In base 2, what is 101111101001 - -100?
101111101101
In base 8, what is -111 + 2?
-107
In base 10, what is 2 - 787?
-785
In base 3, what is 20102 + 10211?
101020
In base 4, what is -10 + 22?
12
In base 10, what is -4 - -298?
294
In base 3, what is -202221 + -100?
-210021
In base 9, what is 3 - 671?
-667
In base 5, what is -11 - -44?
33
In base 16, what is -5 - 96a?
-96f
In base 2, what is 10111000 - -100?
10111100
In base 3, what is -22202 - -2?
-22200
In base 9, what is 20 - 657?
-637
In base 2, what is -100100111111 + 101?
-100100111010
In base 4, what is -3331223 - 0?
-3331223
In base 15, what is 7 - 8?
-1
In base 6, what is 34 + 2045?
2123
In base 15, what is -20 - -7?
-18
In base 13, what is -24 + 37?
13
In base 15, what is 4e - 20?
2e
In base 7, what is 42254 + -1?
42253
In base 2, what is 100101101100 + 0?
100101101100
In base 16, what is 2 - 5a?
-58
In base 12, what is 162 - 30?
132
In base 14, what is 18 - 36?
-1c
In base 12, what is 97a + 6?
984
In base 5, what is -1120 - 0?
-1120
In base 2, what is -1001011010111 + 1?
-1001011010110
In base 15, what is 9 + 4d?
57
In base 12, what is -132 + 2?
-130
In base 16, what is 4 + -2?
2
In base 3, what is -121100 + 11?
-121012
In base 5, what is 40221 - 2?
40214
In base 5, what is -430 - -4?
-421
In base 15, what is 151 - -7?
158
In base 3, what is 10 + -12022?
-12012
In base 8, what is 1 + -35?
-34
In base 13, what is 49 - -9?
55
In base 7, what is -15 - 12?
-30
In base 6, what is -42 + 1?
-41
In base 8, what is 135 - -77?
234
In base 8, what is -2 + -3?
-5
In base 2, what is -1110100100 + -10?
-1110100110
In base 8, what is 1777 - -1?
2000
In base 4, what is -13333 - 13?
-20012
In base 8, what is 1 + 2226?
2227
In base 6, what is 5243 + -1?
5242
In base 11, what is 2 - a2?
-a0
In base 3, what is 11 - -120?
201
In base 6, what is -2155 + -1?
-2200
In base 12, what is 2 - 112?
-110
In base 13, what is -c6 - 11?
-107
In base 10, what is 141 + -2?
139
In base 12, what is -2091 - 1?
-2092
In base 6, what is -5 - 114?
-123
In base 6, what is 3 + 151?
154
In base 3, what is 11 + -1?
10
In base 4, what is 1 + 130?
131
In base 5, what is 2 - 100?
-43
In base 6, what is 13 - 3?
10
In base 13, what is -64c + -7?
-656
In base 8, what is 5 + -134?
-127
In base 16, what is 4 - 2f?
-2b
In base 5, what is 343 - -1?
344
In base 15, what is -6 - 1330?
-1336
In base 6, what is 34 + 134?
212
In base 12, what is 392 + 3?
395
In base 9, what is -301 - 4?
-305
In base 4, what is 12301 - 0?
12301
In base 10, what is 2291 + 1?
2292
In base 6, what is -3 + 205?
202
In base 2, what is -100 + -100001010111?
-100001011011
In base 9, what is -2 - 1412?
-1414
In base 7, what is -32 - -12?
-20
In base 7, what is -104 + -20?
-124
In base 12, what is 22 - -16?
38
In base 3, what is -102011 - 1?
-102012
In base 10, what is 1135 + -6?
1129
In base 9, what is 38 + -4?
34
In base 14, what is b - -5c0?
5cb
In base 3, what is -12 - 2012000?
-2012012
In base 8, what is -42 + -7?
-51
In base 4, what is -12302 - 0?
-12302
In base 3, what is -20 - 20?
-110
In base 10, what is 141 + 1?
142
In base 5, what is 11 - -3400?
3411
In base 15, what is -1d3 + -5?
-1d8
In base 16, what is 2d + -bb?
-8e
In base 11, what is -32a - -3?
-327
In base 9, what is -2 - -5?
3
In base 9, what is -444 - -10?
-434
In base 3, what is 10 - -1022?
1102
In base 11, what is -28 - 12?
-3a
In base 8, what is 0 - 607?
-607
In base 9, what is -148 + -11?
-160
In base 12, what is 3 + 9a5?
9a8
In base 2, what is 11000100 - 100?
11000000
In base 10, what is 132 + 6?
138
In base 15, what is -40 + 1?
-3e
In base 4, what is -23 - -11221?
11132
In base 6, what is 25 - 14?
11
In base 14, what is -2a3 + -49?
-30c
In base 14, what is -d - 22?
-31
In base 5, what is 2 + -422?
-420
In base 14, what is -5 + -104?
-109
In base 6, what is -1 - -4112?
4111
In base 12, what is -6a + 3?
-67
In base 6, what is -405 - 0?
-405
In base 6, what is -4 - -1450?
1442
In base 9, what is -5 + -76?
-82
In base 4, what is -21 + -3300?
-3321
In base 10, what is -8204 + -3?
-8207
In base 10, what is 50 - 5?
45
In base 5, what is -2111 - 1?
-2112
In base 13, what is 119 - -7a?
196
In base 3, what is 0 - -211?
211
In base 8, what is 2002 + 7?
2011
In base 7, what is -21611 - 4?
-21615
In base 2, what is 101100011 - 1?
101100010
In base 4, what is -10 + 111?
101
In base 12, what is 5 - 656?
-651
In base 13, what is -8a - 0?
-8a
In base 16, what is -2 - 15a9?
-15ab
In base 5, what is -210 + 10?
-200
In base 13, what is 7 + -b9?
-b2
In base 8, what is -33041 - -5?
-33034
In base 15, what is 2 - 40?
-3d
In base 16, what is 598a - 4?
5986
In base 15, what is -162b + 1?
-162a
In base 16, what is -11 + -43c?
-44d
In base 8, what is 1 - 242?
-241
In base 2, what is -110 - -11100011?
11011101
In base 9, what is -182 + 6?
-175
In base 16, what is -12 + -1c?
-2e
In base 3, what is -122 + -10001?
-10200
In base 7, what is -5 + 1105?
1100
In base 10, what is 400 - 31?
369
In base 4, what is -2031200 + -3?
-2031203
In base 14, what is b + b?
18
In base 16, what is 51d + -1?
51c
In base 13, what is 4 - 10?
-9
In base 10, what is 8 + 1741?
1749
In base 11, what is 4 + 631?
635
In base 5, what is 134 - 21?
113
In base 9, what is -10 + 66?
56
In base 8, what is 42 + 11?
53
In base 3, what is 2001 - 210?
1021
In base 14, what is 104 + -13?
d1
In base 12, what is 5 - -43?
48
In base 11, what is 5 - 412?
-408
In base 14, what is -10 - -12b?
11b
In base 4, what is 10 - 110133?
-110123
In base 12, what is -3 - 2b1?
-2b4
In base 6, what is 0 + 20?
20
In base 10, what is -49 - 0?
-49
In base 4, what is -2321 + -10?
-2331
In base 14, what is 7 + 103?
10a
In base 6, what is -45 - -54?
5
In base 2, what is -1001000 + -1000111?
-10001111
In base 7, what is 5 + 6?
14
In base 8, what is -4 + 210?
204
In base 5, what is -10 - 133012?
-133022
In base 6, what is -2 + -113?
-115
In base 13, what is -5 + 8a?
85
In base 5, what is 24 + 21?
100
In base 9, what is -65 + 5?
-60
In base 4, what is -10 + 13033?
13023
In base 2, what is 11000111 + 10101?
11011100
In base 10, what is 12412 + 2?
12414
In base 9, what is -2 - 1174?
-1176
In base 2, what is -10 - -111011?
111001
In base 2, what is -1001100 - -101?
-1000111
In base 13, what is -3 + 127?
124
In base 6, what is -4 - 1144?
-1152
In base 14, what is -138 - b?
-145
In base 5, what is -32303 + -4?
-32312
In base 8, what is 0 - -1551?
1551
In base 13, what is 78 + 7?
82
In base 3, what is 10 - 11220?
-11210
In base 5, what is -33141 - -4?
-33132
In base 14, what is 124 - 8?
11a
In base 2, what is -1 + -100001?
-100010
In base 13, what is 1 - -17?
18
In base 4, what is 3020 + -1?
3013
In base 16, what is -63 - 4?
-67
In base 15, what is 2d8 - 1?
2d7
In base 2, what is -10 - 1010101000?
-1010101010
In base 8, what is -16 + -642?
-660
In base 14, what is -4 + -18?
-1c
In base 5, what is 1 + -420?
-414
In base 12, what is 1 - -206?
207
In base 11, what is -5 - -2?
-3
In base 11, what is -2 - -163a?
1638
In base 9, what is -2 - 1143?
-1145
In base 2, what is 100 + -10000?
-1100
In base 11, what is -23 - 6?
-29
In base 4, what is 3023023 + -2?
3023021
In base 10, what is -46 - 2?
-48
In base 16, what is -1 - 7a?
-7b
In base 6, what is -4 - -11401?
11353
In base 11, what is -1 - 20?
-21
In base 2, what is -1010 + -10001010?
-10010100
In base 6, what is -442 + 2?
-440
In base